 + (-32)/(-1). Let n be 7*(-80)/q*1/(-2). Let d(u) = 55*u**2 - 18*u - 3. Is d(n) prime?
False
Suppose 7*l - 6087 - 33764 = 0. Suppose 10*n - 6017 - l = 0. Is n a composite number?
False
Suppose 1621426 - 1674474 = 81*m - 3139715. Is m prime?
False
Let n = 43 + -41. Suppose 0 = n*f + 4, 5*g - g - 4*f - 32 = 0. Is (201/g)/(1/(0 + 26)) a composite number?
True
Let w = -274 + 277. Is (-13470)/(-12) + w/(-24)*-4 composite?
False
Suppose 270*n - 267*n - 147898 = -4*j, -5*n = j - 36983. Is j a prime number?
True
Let r be 5 + (-1)/((-2)/(-6 - -2)). Suppose -n + 5163 = -r*d, -13 = -2*d - 3. Is 1/2*3/(9/n) composite?
False
Let v(y) = 15*y + 4703. Let f(l) = l**3 + 5*l**2 - l - 21. Let j be f(-3). Is v(j) a prime number?
True
Let v = -12262 - -23508. Is v a prime number?
False
Let r(p) be the first derivative of 22*p**3 - 14*p**2 + 53*p + 152. Is r(12) a composite number?
False
Let y(w) be the first derivative of 3*w**3 + 5*w**2 - 44*w + 16. Let b(h) = -10*h**2 - 9*h + 44. Let g(p) = 4*b(p) + 5*y(p). Is g(9) a composite number?
False
Suppose 0 = -5*z - 0*z - 10. Let t be ((-2)/4)/(z/(-28)). Let a(j) = -45*j + 16. Is a(t) composite?
False
Suppose -s = s. Suppose 2*n = w - 2*w + 789, s = 2*n - 5*w - 795. Let k = -276 + n. Is k prime?
False
Suppose -62*c + 57*c - 345 = 0. Let h = 69 + c. Suppose h = 4*s - 5*b - 1663, -2*s + 2*b = b - 833. Is s a composite number?
True
Let a(w) = 6*w**2 - 153*w + 1780. Is a(89) a prime number?
False
Let v = -1 + 4. Suppose v*c - 10*c = -22246. Suppose y = -5*z + c, -4*z + 4*y + 1952 = -576. Is z a prime number?
False
Let v be -6 + (5 - -215) + -1. Suppose -5*k + v = -2*w + 1584, -k - 5 = 0. Is w a prime number?
True
Suppose 14180 = 5*g - 690. Is g composite?
True
Let j = -269750 - -481119. Is j prime?
True
Let l(t) = 160*t**2 + 2*t + 2. Let n be l(3). Let x = 3680 + -1177. Suppose 9*b - n = x. Is b a composite number?
False
Let i = 50 + 45. Is (419445/(-57))/(-3) + 10/i prime?
False
Suppose -46*b + 51*b - 55 = 0. Let q be -2*1/11 - (-2)/b. Suppose 3*l - 142 = 5*h - 1161, -4*l + 8 = q. Is h a prime number?
False
Is -12 - (8 - 6 - 10) - -82585 a composite number?
True
Let i = 1049 + -4465. Let l = i - -5149. Is l a composite number?
False
Suppose 33 = 11*n - 66. Suppose -n*t = -33403 + 1849. Is t a prime number?
False
Suppose -5041 = c - 4*o, 4*o = o + 9. Let k = c - -7056. Is k prime?
True
Let t(g) be the third derivative of g**8/5040 + g**7/5040 - g**6/144 + 2*g**5/15 + 16*g**2. Let p(v) be the third derivative of t(v). Is p(-6) prime?
False
Let y = 52174 + -23195. Is y composite?
False
Suppose -4*h + 4889 = j, -3*j + 21258 = 4*h + 6583. Suppose -j = 2*n + n. Let r = 2428 + n. Is r composite?
False
Let h(i) be the second derivative of -26*i**3 - 12*i**2 + 5*i. Let c be h(-7). Suppose -5*b + c = 173. Is b prime?
True
Suppose 684128 = 22*q + 88962. Is q a prime number?
False
Suppose 5*n = 14*u - 17*u + 58981, 4*u = -5*n + 78638. Is u a composite number?
True
Let x(c) = 31*c + 3. Let a be x(-1). Let p be (-2)/18 - a/9. Suppose 4*n + 0*n - 504 = p*j, 0 = 2*n + 4*j - 230. Is n prime?
False
Let w(v) = -2848*v - 11975. Is w(-78) prime?
True
Suppose 71 = 3*x - 4*z, 0 = 7*x - 9*x + 4*z + 46. Suppose -21*p = x*p - 155342. Is p prime?
False
Is 14/(19/((-1232511)/(-42))) a prime number?
False
Suppose 0 = -5*x - 75*j + 80*j + 197415, -197403 = -5*x - j. Is x a composite number?
True
Let h = 101634 + -55465. Is h a prime number?
False
Suppose -16*v + 18 = -13*v. Suppose 0*u = -v*u + 150918. Is u a composite number?
False
Let a(s) = 3*s - 27. Let z be a(10). Let i = 3001 - 284. Suppose l + 3*y = 553, 0*l - i = -5*l - z*y. Is l a prime number?
True
Suppose -4 = -103*h + 107*h. Let w(u) = -8465*u**3 + 2*u**2 - u - 1. Is w(h) composite?
False
Let q be (-37)/74*25944/(-1). Let k = q - 8411. Is k composite?
False
Suppose -25 = -q - 2*l, -q - q + 46 = 3*l. Let b = q - 16. Is 2 + (787 - 2)/b composite?
False
Let q(k) = -10*k + 7. Let r be q(4). Let i be (-1897)/(-2) - r/(-22). Suppose 588 = 5*z - i. Is z composite?
False
Let g(p) = 6496*p**3 - 7*p**2 - 62*p + 235. Is g(4) prime?
False
Suppose 0 = -2*h + 19 - 9. Suppose h*d - w - 4*w + 25 = 0, 4*d - w + 8 = 0. Is (488 + d)*(6 + -5) a composite number?
False
Let j be 0 - (-5 + 1 + 7) - -5. Suppose 3*u - 2*w - 6329 = 2922, 0 = j*u + 5*w - 6161. Is u a prime number?
True
Suppose 4*t + b = -270 + 11265, -2*t = b - 5497. Let f = t - 5742. Let z = f - -5604. Is z a composite number?
True
Let h(s) = s**3 - 22*s**2 - 21*s - 31. Let o be h(23). Suppose -3*m - o = 0, -2*b + 14*m = 9*m - 2319. Is b composite?
True
Let n(d) = 4*d**3 + 9*d**2 - 20*d + 1. Let r(x) = -5*x**3 - 9*x**2 + 19*x - 2. Let p(y) = -6*n(y) - 5*r(y). Is p(17) composite?
False
Let c be -2 - (0 + 3)/(8/(-8)). Is c/3*8518*3/2 prime?
True
Suppose -44*q - 220*q + 4346105 - 34721 = 0. Is q a composite number?
True
Suppose 9*d = 8 - 26. Is (403/d)/(64/(-128)) a composite number?
True
Is -8221*(6 + 5)*((-4)/4 + 0) composite?
True
Let r(i) = -1145*i**3 - i**2 - 8*i - 7. Let c be r(-1). Let v = c - 306. Is v a prime number?
True
Let c(o) = 3*o**2 + 28*o + 16. Let t be (-6)/(-4)*196/42. Let q(p) = -8*p**2 - 83*p - 48. Let a(b) = t*c(b) + 2*q(b). Is a(-13) a prime number?
False
Suppose -k = -0*n - 3*n + 10, 22 = 3*n - 4*k. Suppose 2*y + n*y - 2159 = -t, 5*y = 3*t - 6460. Let c = -1094 + t. Is c prime?
True
Suppose -q + 5*v + 23 = 0, -3 = q - 4*v - 22. Suppose -q*h = 4*w - 21755, 5*h + 4*w = -w + 36255. Is h a composite number?
True
Suppose -2*x - 26947 = -h - 0*x, 5*h - 5*x = 134715. Suppose 4*q - 4877 = 2*i - 31815, -h = 4*q - i. Is (q/10 - -1)/(2/(-4)) prime?
False
Suppose 349*d = 353*d - 470636. Is d a composite number?
False
Let p(y) = 330*y**2 - 4*y - 30. Let f be p(21). Let h(x) = x**2 - 9*x + 10. Let s be h(8). Is s/11 + f/264 a prime number?
False
Let q(l) = l**2 + l - 1. Let k(j) = 388*j**2 + 3*j - 11. Let i be (-4 + 1 + 0)/1. Let d(f) = i*q(f) + k(f). Is d(-3) composite?
False
Suppose -d + 902 + 160 = 0. Let c be (160/10)/(3 + -1). Suppose -d = 2*v - c*v. Is v a composite number?
True
Let j be (-10)/(-20)*3352/(-2). Is 1*j/(-6)*39 a composite number?
True
Let s(w) = -717*w - 761. Is s(-7) prime?
False
Suppose 1026998 = -71*k + 85*k. Is k a prime number?
False
Let d(n) = -2*n**3 + 22*n**2 - 94*n - 23. Let p be d(-21). Suppose -5*x = -4*y - p, -43*x + 24139 = -39*x - 3*y. Is x a composite number?
True
Let i(j) = -673 + 1304 - 668 + 34*j. Is i(8) prime?
False
Let c(g) = 2*g - 3*g + 672*g**3 + 5*g**2 + 1 - 4*g**2. Suppose -5*v = 4*q - 9, -10*v + 5*q = -9*v + 4. Is c(v) a prime number?
True
Suppose 0 = -3*v + 5749 + 6011. Suppose -2*g = -4*i - 12132, v = -5*g + 3*i + 34278. Suppose 0 = -3*m + m + g. Is m composite?
False
Is 5 + (-4115970)/(-81) - 12/27 composite?
True
Let u(n) = 3587*n + 518. Is u(3) prime?
True
Suppose -4*t = 12, 5*t = 2*y - 3103 - 2848. Suppose -14*v + y = -12*v. Let c = v + -822. Is c a composite number?
True
Let i(r) = -7 + r**3 - 3*r**2 + 10 - 2*r + 2 - 1. Let x be i(3). Is x/5 - (2 - (-667)/(-5)) prime?
True
Suppose i + 175 = 6*i. Let j = -33 + i. Suppose -1796 = -j*k + 722. Is k a prime number?
True
Let p = -216111 + 313344. Is p a composite number?
True
Let w = 91 - 88. Suppose 15 = k - 6*k, 3*j - w*k = 2016. Suppose 4*f - j = f. Is f prime?
True
Suppose 1 - 105 = -8*c. Suppose 29 = 2*p - c. Suppose p*t + 3908 = 25*t. Is t a prime number?
True
Let g be (4 - 4)/5 + 5. Suppose 0 = q + 2*w, -3*q - 5*w - 3 = -g. Suppose q*r = -5*a + 2808, -3*a = -r - 6*a + 695. Is r a prime number?
False
Suppose 0 = -2*d + 11*d - 29079. Suppose -18*r = -15651 - d. Is r prime?
True
Let l = -350321 + 544932. Is l a prime number?
False
Let d(v) = 39*v**2 + 5*v - 45. Is d(-8) composite?
False
Let s = 97 - 95. Suppose -n - 2 = 0, -5*i - 3*n - 5928 = -s*i. Let a = i - -4627. Is a a prime number?
False
Let k be -3 - (-1 + -12 + 4). Suppose 0 = -3*d - 5*o + 16036, 0 = d - k*d + 5*o + 26660. Suppose -d = -7*f + 10714. Is f a prime number?
True
Suppose 0*k = 2*x + 4*k - 12, 5*x - 4*k + 12 = 0. Suppose x = 3*q + 3*o - 17889, o + 4*o + 11891 = 2*q. Suppose -6*c = 3*c - q. Is c prime?
False
Let x(c) = -3271*c**3 - 2*c**2 + 10*c + 12. Is x(-1) composite?
False
Suppose -31*k + 32*k - 3*t = 412849, 2*t = -2*k + 825650. Is k a composite number?
False
Le